f(-10).
-13
Let b(n) = n**3 - 9*n**2 - 16*n - 4. Calculate b(11).
62
Let l(d) = -2*d**2 + 26*d - 17. Calculate l(12).
7
Let y(v) = 2*v - 24. What is y(11)?
-2
Let l(g) = g**2 + 15*g + 28. Give l(-8).
-28
Let z(r) = -2*r**3 - 2*r**2. Calculate z(-3).
36
Let k(q) = 8*q - 37. Give k(5).
3
Let z(w) = -w**3 + 20*w**2 + 12. Give z(20).
12
Let n(x) = -x**3 + 7*x**2 + 8*x - 8. What is n(8)?
-8
Let m(n) = -4*n - 73. Calculate m(-23).
19
Let i(j) = j**2 + 2*j - 3. Calculate i(4).
21
Let o(n) = -2*n - 14. What is o(-7)?
0
Let h(m) = -m**3 + 7*m**2 + m + 1. Calculate h(6).
43
Let h(z) = -62*z - 442. What is h(-7)?
-8
Let u(v) = -2*v**2 + 12*v - 20. Determine u(5).
-10
Let w(a) = -a**2 - 3. Determine w(2).
-7
Let j(q) = -q**3 + 6*q**2 + 2*q - 20. Give j(6).
-8
Let m(s) = s**2 + 15*s - 42. What is m(-17)?
-8
Let x(k) = -k**2 - 4*k - 1. Determine x(-5).
-6
Let f(d) = 3*d + 93. Determine f(-26).
15
Let o(q) = 2*q**2 + q - 2. Determine o(2).
8
Let v(g) = 8*g + 35. What is v(-4)?
3
Let q(w) = -w**3 + w**2 - w - 8. Give q(0).
-8
Let p(f) = -2*f**3 - 18*f**2 - 30*f - 2. Determine p(-7).
12
Let x(p) = p**2 + 13*p + 25. What is x(-10)?
-5
Let h(u) = 8*u**3 + u**2 - 5*u + 1. Determine h(0).
1
Let h(y) = y**2 + 87*y + 641. What is h(-8)?
9
Let q(k) = -4*k**2 + 117*k + 118. Calculate q(-1).
-3
Let c(h) = -28*h + 296. Determine c(11).
-12
Let t(q) = 4*q - 2. Determine t(-1).
-6
Let h(m) = 29*m + 201. Calculate h(-7).
-2
Let f(a) = a - 29. Calculate f(7).
-22
Let h(w) = w**3 - 2*w**2 - 2*w. Determine h(-2).
-12
Let d(y) = -y**3 - 21*y**2 - 19*y + 1. Give d(-20).
-19
Let a(c) = -c**2 + 21*c + 217. Determine a(-7).
21
Let j(d) = 4*d - 2. What is j(5)?
18
Let q(y) = -y**3 + 10*y**2 + y + 5. Determine q(10).
15
Let g(q) = q**3 - 4*q**2 + 13*q - 7. What is g(4)?
45
Let j(s) = 2*s - 10. Determine j(7).
4
Let r(j) = 2*j**2 + 4*j - 94. Determine r(0).
-94
Let c(w) = -w**3 + 2*w**2 + 2*w + 2. What is c(-2)?
14
Let q(w) = -w**3 - 6*w**2 + 7. Give q(-6).
7
Let i(t) = -9*t - 7. Determine i(-3).
20
Let o(c) = -3*c**3 - 2*c**2 + 1. Give o(-2).
17
Let a(q) = -17*q**2 + 4*q + 3. What is a(-1)?
-18
Let j(p) = p**2 - 35*p - 161. Give j(39).
-5
Let t(s) = 2*s**2 - 8*s - 2. What is t(6)?
22
Let g(h) = h**3 + 7*h**2 - 19*h + 3. What is g(-9)?
12
Let j(k) = 4*k - 46. Determine j(10).
-6
Let s(n) = -n**3 + 32*n**2 - 26*n - 158. Determine s(31).
-3
Let s(b) = 5*b**3 - b**2. What is s(-1)?
-6
Let o(h) = -9*h + 42. What is o(5)?
-3
Let u(s) = -8*s + 11. Determine u(-5).
51
Let k(l) = -l**3 - 5*l**2 - 2*l + 2. Give k(-3).
-10
Let q(y) = -2*y**2 - 8*y - 3. Determine q(-5).
-13
Let q(k) = k**3 + 29*k**2 - 9*k - 257. What is q(-29)?
4
Let y(s) = s - 17. Give y(0).
-17
Let c(u) = -18*u**2 + u. Give c(1).
-17
Let c(h) = 2*h**2 + 2*h - 1. Give c(4).
39
Let c(a) = 3*a + 3. Give c(-7).
-18
Let y(s) = s + 5. Give y(-10).
-5
Let j(r) = -r**2 + 13. Give j(0).
13
Let n(z) = -z**2 - 17*z - 15. Determine n(-16).
1
Let j(u) = u**2 - 14*u + 8. What is j(11)?
-25
Let r(b) = -b + 3. Determine r(4).
-1
Let v(t) = t - 3. Give v(6).
3
Let s(c) = c**3 + 8*c**2 + 7*c - 6. Calculate s(-4).
30
Let f(k) = -k**3 + 2*k**2 + k - 4. Give f(4).
-32
Let u(k) = -k**2 - 7*k + 40. Calculate u(-12).
-20
Let s(r) = -17*r + 534. Calculate s(31).
7
Let j(w) = -w**2 + 20*w + 51. Determine j(22).
7
Let f(u) = u**2 + 38*u + 107. What is f(-3)?
2
Let w(o) = 36*o + 100. Determine w(-3).
-8
Let t(a) = -a**3 - 16*a**2 - 10*a - 1. Give t(-16).
159
Let i(g) = -g**3 + 8*g**2 - g - 10. What is i(8)?
-18
Let u(w) = w**3 - 3*w**2 + 2. Give u(2).
-2
Let y(j) = -j**2 + 7*j + 5. What is y(5)?
15
Let s(v) = -v**2 + 5*v + 14. Determine s(6).
8
Let r(k) = -3*k**3 - k**2 - k + 4. What is r(2)?
-26
Let f(s) = -29*s**3 - s**2 + 1. Give f(-1).
29
Let n(j) = -j**3 + 22*j**2 - 72*j + 5. What is n(18)?
5
Let z(p) = p**2 + 10*p - 18. Give z(2).
6
Let w(t) = -t**2 + 9*t + 69. Calculate w(-5).
-1
Let s(j) = j**3 + 14*j**2 + 10. Calculate s(-14).
10
Let r(n) = n**2 + 7*n + 6. Determine r(-7).
6
Let t(k) = 161*k + 953. Determine t(-6).
-13
Let p(y) = 34*y + 29. What is p(-2)?
-39
Let p(w) = -221*w - 9. What is p(0)?
-9
Let j(q) = -6*q + 2. Give j(-2).
14
Let m(o) = -3*o**2 - 2*o - 13. Calculate m(-6).
-109
Let c(u) = -3*u + 71. Calculate c(24).
-1
Let l(r) = r + 7. What is l(-27)?
-20
Let m(t) = -4*t + 14. Give m(5).
-6
Let i(l) = l**3 + 3*l**2 + l. What is i(-3)?
-3
Let j(s) = s**3 + 2*s + 44. Calculate j(0).
44
Let k(d) = d**3 + 12*d**2 + 6*d + 66. Determine k(-12).
-6
Let q(h) = -9*h + 14. Calculate q(2).
-4
Let k(s) = -s**3 - 6*s**2 + 2*s + 14. Determine k(-6).
2
Let w(k) = k**3 + 14*k**2 - 38*k - 49. What is w(-16)?
47
Let d(y) = y**3 + 9*y**2 + 10*y + 7. Calculate d(-8).
-9
Let n(j) = 4*j. Determine n(7).
28
Let g(b) = 7*b**2 - 6*b. Determine g(1).
1
Let k(q) = 2*q - 86. Calculate k(0).
-86
Let n(j) = -2*j**3 - 7*j**2 + 3*j + 2. Determine n(-4).
6
Let o(z) = z**3 - 5*z**2 + z. Calculate o(5).
5
Let h(a) = a**3 - 6*a**2 - 3*a + 2. Determine h(6).
-16
Let d(k) = 2*k - 28. Calculate d(13).
-2
Let x(y) = y**3 + 4*y**2 - 12*y - 6. Determine x(-6).
-6
Let h(q) = -18*q - 4. What is h(2)?
-40
Let c(p) = 3*p + 6. Give c(4).
18
Let l(u) = 2*u. Calculate l(-10).
-20
Let o(l) = 2*l**2 - 22*l + 5. What is o(9)?
-31
Let g(o) = -2*o - 1. Calculate g(-7).
13
Let t(b) = -9*b**3 + 13*b**2 - 2. Give t(1).
2
Let h(k) = k - 14. What is h(14)?
0
Let p(c) = 3*c + 9. What is p(-6)?
-9
Let o(y) = -y**2 - y + 14. What is o(0)?
14
Let j(f) = -f**3 - 5*f**2 + 5*f - 4. Give j(-6).
2
Let d(c) = -6*c + 2. Calculate d(5).
-28
Let z(u) = -5*u - 33. Determine z(10).
-83
Let x(h) = h**2 + 17*h + 25. Calculate x(-10).
-45
Let x(d) = -53*d**2 + d + 1. Determine x(-1).
-53
Let q(s) = -27*s - 127. Determine q(-4).
-19
Let u(k) = k**3 + 11*k**2 - 13*k - 2. What is u(-12)?
10
Let r(k) = 2*k + 65. Calculate r(-7).
51
Let g(f) = f**3 - 6*f**2 + 7*f - 9. What is g(4)?
-13
Let f(w) = -5*w - 36. Determine f(-6).
-6
Let n(d) = -3*d - 3. Give n(9).
-30
Let v(f) = f**2 - 16*f + 1. Determine v(16).
1
Let r(v) = v**2 - 8*v + 4. Calculate r(10).
24
Let p(z) = -z**2 + 15*z + 11. What is p(16)?
-5
Let w(a) = a**2 + 8*a - 5. What is w(-10)?
15
Let a(f) = -f**3 - 11*f**2 + 9*f + 12. What is a(-12)?
48
Let f(j) = j**3 - 8*j**2 - 6*j - 9. Give f(9).
18
Let n(s) = s**3 - 14*s**2 + 11*s + 30. Determine n(13).
4
Let b(p) = -p + 19. Calculate b(14).
5
Let g(d) = d**3 - 3*d**2 - 7*d + 6. Calculate g(4).
-6
Let g(c) = 6*c**2 - c - 1. Calculate g(1).
4
Let w(o) = -o**2 - o - 14. Give w(-4).
-26
Let x(o) = o**2 + 41*o - 210. Determine x(5).
20
Let w(d) = d**2 - 25*d + 115. Give w(19).
1
Let h(t) = -t**2 + 21*t - 69. Calculate h(17).
-1
Let f(l) = l**3 - 7*l**2 + 8*l - 6. Determine f(6).
6
Let t(k) = -34*k**2 + 340*k + 7. Calculate t(10).
7
Let f(y) = -y**3 + 14*y**2 + 15*y - 40. Determine f(15).
-40
Let g(v) = v**3 - 5*v**2 - 7*v + 43. Give g(4).
-1
Let s(p) = -33*p**2 - p. Determine s(-1).
-32
Let d(y) = y**3 - 3*y**2 + 6*y - 21. Calculate d(3).
-3
Let q(y) = 5*y + 3. Give q(-4).
-17
Let l(k) = -k - 13. What is l(-7)?
-6
Let z(j) = 15*j + 70. What is z(-5)?
-5
Let s(n) = n**3 - 20*n**2. What is s(20)?
0
Let b(g) = g**3 - 4*g**2 + 10. Give b(3).
1
Let l(c) = c**2 + 37*c + 250. Calculate l(-9).
-2
Let y(o) = o**2 - o - 3. What is y(3)?
3
Let m(y) = 21*y - 8. What is m(3)?
55
Let g(f) = 21*f**3 - f**2 - 2*f - 1. Give g(-1).
-21
Let o(j) = -j**2 + 2*j + 17. What is o(-4)?
-7
Let k(g) = g - 2. Determine k(5).
3
Let u(d) = d**3 + 7*d**2 - d - 7. Calculate u(-6).
35
Let v(r) = 6*r + 65. Give v(-9).
11
Let s(r) = r**2 + 24*r + 63. Calculate s(-21).
0
Let i(f) = f**3 + 7*f**2 + 7*f + 8. What is i(-6)?
2
Let p(i) = i**2 + 16*i + 12. Calculate p(-15).
-3
Let i(b) = b**3 - 16*b**2 + 3*b - 40. Determine i(16).
8
Let u(j) = 3*j - 52. Give u(18).
2
Let k(f) = f**3 + 5*f**2 - 8*f - 10. Determine k(-7).
-52
Let n(u) = -u**2 + 3*u + 9. Calculate n(5).
-1
Let y(p) = p**2 + 8*p - 25. Calculate y(9).
128
Let o(x) = x - 56. Calculate o(26).
-30
Let g(q) = 3*q + 10. Give g(-2).
4
Let y(s) = -4*s - 7. Determine y(-3).
5
Let p(v) = v**2 - 32*v + 204. What is p(23)?
-3
Let b(f) = f**3 - 12*f**2 - 48*f - 8. What is b(15)?
-53
Let k(y) = 5*y - 19. Calculate k(8).
21
Let w(x) = -x**2 - 6*x - 3. Calculate w(-3).
6
Let k(w) = -2*w + 4. Determine k(